40
Convert 18520 (base 10) to base 2.
100100001011000
1000100111011111 (base 2) to base 6
431223
Convert -3221 (base 4) to base 6.
-1025
What is -135012 (base 6) in base 9?
-18438
Convert -49 (base 11) to base 8.
-65
271452 (base 8) to base 4
113030222
Convert -44334 (base 5) to base 15.
-db4
-11000000111000 (base 2) to base 3
-121221012
Convert -14420 (base 7) to base 6.
-30235
Convert 12302020 (base 4) to base 15.
8374
What is -2aa31 (base 11) in base 8?
-125474
What is -7707 (base 8) in base 14?
-1687
237 (base 8) to base 10
159
What is 1a4 (base 15) in base 7?
1051
Convert 1257 (base 8) to base 10.
687
What is 114 (base 5) in base 14?
26
What is -144734 (base 8) in base 7?
-303442
2310 (base 4) to base 15
c0
What is -2610 (base 8) in base 13?
-84c
b8b (base 12) to base 11
12a8
Convert -8637 (base 11) to base 4.
-2302112
30a33 (base 11) to base 9
67857
Convert -1000010010 (base 2) to base 5.
-4110
8457 (base 16) to base 14
c4bd
Convert -329 (base 11) to base 7.
-1102
What is 8a0 (base 12) in base 14?
66c
Convert -2301 (base 6) to base 9.
-661
What is 20233 (base 7) in base 15?
16d4
Convert 100100100 (base 2) to base 14.
16c
What is 143421 (base 6) in base 3?
200212211
What is -721 (base 12) in base 11?
-85a
Convert 1414343 (base 5) to base 11.
20060
14836 (base 10) to base 4
3213310
What is 6164 (base 12) in base 10?
10588
What is -1cac (base 16) in base 7?
-30254
Convert 173 (base 9) to base 12.
103
-21146 (base 8) to base 15
-2921
41134 (base 5) to base 4
221231
What is 7120 (base 9) in base 10?
5202
312320 (base 5) to base 13
4920
What is 1860 (base 9) in base 10?
1431
What is -2d3d (base 14) in base 7?
-32406
135165 (base 7) to base 10
25821
What is -253 (base 15) in base 6?
-2240
Convert 2422 (base 5) to base 6.
1402
Convert 1201021210 (base 3) to base 8.
101720
23a8 (base 11) to base 9
4272
-114310 (base 6) to base 9
-14706
Convert -13882 (base 10) to base 12.
-804a
-2521 (base 8) to base 11
-1028
What is -14a9 (base 13) in base 6?
-21540
Convert -323333 (base 5) to base 12.
-6505
Convert 0 (base 14) to base 15.
0
Convert 10111011000 (base 2) to base 3.
2001102
What is -3989 (base 10) in base 15?
-12ae
-1351 (base 7) to base 3
-201111
5746 (base 9) to base 4
1002132
Convert -1001010100 (base 2) to base 11.
-4a2
1705 (base 12) to base 16
ab5
What is -13152 (base 6) in base 15?
-8e2
-199 (base 15) to base 4
-11301
Convert a4 (base 14) to base 12.
100
Convert 1234 (base 5) to base 11.
167
What is 640 (base 10) in base 13?
3a3
Convert 8004 (base 9) to base 13.
286c
-123571 (base 8) to base 7
-235665
-909a (base 13) to base 16
-4dbc
Convert 352 (base 6) to base 4.
2030
Convert 10532 (base 8) to base 9.
6075
Convert -3d23 (base 15) to base 2.
-11001100011011
Convert -24c (base 16) to base 4.
-21030
Convert 100a (base 12) to base 9.
2341
What is -90 (base 14) in base 5?
-1001
-61301 (base 7) to base 11
-10213
-10064 (base 11) to base 10
-14711
What is -12b95 (base 13) in base 15?
-a541
4313 (base 9) to base 4
301203
What is -120424 (base 5) in base 2?
-1000110001001
What is -40120 (base 5) in base 13?
-1200
296 (base 12) to base 2
110010010
Convert a53 (base 16) to base 15.
bb3
What is -1961 (base 15) in base 7?
-22003
What is -203232 (base 4) in base 3?
-10010200
320 (base 13) to base 7
1361
2234034 (base 5) to base 2
1001101111010110
-4314 (base 7) to base 14
-7b4
What is -1ad0 (base 15) in base 5?
-141240
What is 8ed (base 16) in base 10?
2285
Convert -10102000111 (base 3) to base 15.
-14d21
Convert -52013 (base 8) to base 16.
-540b
Convert -1111011110100 (base 2) to base 5.
-223144
What is 376b (base 14) in base 5?
302244
What is 2001022 (base 3) in base 15?
698
What is 63 (base 7) in base 11?
41
Convert -436 (base 12) to base 14.
-322
What is 1656 (base 7) in base 5?
10203
-135 (base 8) to base 16
-5d
-92 (base 12) to base 3
-11002
Convert 64 (base 15) to base 3.
10111
Convert -1806 (base 10) to base 14.
-930
-1683 (base 11) to base 2
-100001100100
-1b6 (base 12) to base 5
-2112
-22a6 (base 15) to base 6
-54020
Convert 230320 (base 5) to base 11.
6194
14766 (base 10) to base 7
61023
-24511 (base 8) to base 12
-6149
Convert -355403 (base 6) to base 11.
-21354
Convert 97 (base 14) to base 10.
133
Convert 1dc (base 16) to base 10.
476
What is -3046 (base 8) in base 11?
-1201
What is 7 (base 12) in base 16?
7
-12404 (base 6) to base 7
-5320
Convert 212 (base 4) to base 10.
38
What is 984 (base 12) in base 7?
4033
-48798 (base 10) to base 13
-19299
Convert -42169 (base 10) to base 7.
-233641
-1531 (base 6) to base 16
-19f
-26952 (base 10) to base 15
-7ebc
Convert -c31 (base 13) to base 7.
-6013
-8a6b (base 15) to base 7
-151400
What is 20446 (base 7) in base 8?
11650
Convert 31563 (base 8) to base 12.
7757
What is -130b (base 12) in base 10?
-2171
Convert 112022 (base 3) to base 8.
602
Convert -210113 (base 4) to base 14.
-bc3
What is -21110 (base 3) in base 2?
-11001001
Convert 48a (base 12) to base 3.
221021
-55 (base 15) to base 10
-80
What is 1137 (base 10) in base 2?
10001110001
What is ba (base 15) in base 14?
c7
What is -10 (base 14) in base 6?
-22
What is 572b (base 15) in base 2?
100100000111011
What is -330013 (base 5) in base 11?
-8505
Convert 1202130 (base 4) to base 5.
200200
11066 (base 7) to base 11
2109
What is -18716 (base 10) in base 14?
-6b6c
What is -2273 (base 8) in base 12?
-84b
What is 101033 (base 6) in base 16?
1f4d
Convert -2102112200 (base 3) to base 11.
-32998
Convert -3133 (base 6) to base 12.
-4a9
-1031300 (base 6) to base 2
-1100011010110100
Convert 100100011101 (base 2) to base 9.
3172
Convert -1133442 (base 5) to base 3.
-1001222022
Convert -10010111110 (base 2) to base 12.
-852
-1102131 (base 5) to base 15
-5996
What is 2322404 (base 5) in base 15?
c7a4
What is 1121112220 (base 3) in base 7?
161364
Convert -92a (base 16) to base 14.
-bd8
What is -9d24 (base 14) in base 9?
-41366
-34226 (base 7) to base 5
-234233
Convert 16969 (base 10) to base 8.
41111
Convert 1651 (base 9) to base 13.
760
What is 588 (base 9) in base 3?
122222
What is -a4b (base 12) in base 10?
-1499
247 (base 9) to base 6
541
What is 63 (base 8) in base 16?
33
Convert -4411 (base 7) to base 12.
-ab4
-1250 (base 7) to base 4
-13130
Convert -3723 (base 8) to base 14.
-a31
Convert 24574 (base 12) to base 8.
140050
Convert -100212110 (base 3) to base 5.
-212234
Convert 132220 (base 7) to base 10.
24808
What is 7275 (base 15) in base 2?
101111001111001
What is -1a67 (base 11) in base 6?
-20034
Convert 140431 (base 5) to base 13.
27c8
What is -200 (base 12) in base 16?
-120
-1432 (base 7) to base 4
-20302
-2127 (base 9) to base 4
-120130
-1110101001 (base 2) to base 9
-1251
Convert -ee8b (base 15) to base 9.
-76275
5b5 (base 13) to base 16
3e1
536 (base 9) to base 4
12312
What is -374 (base 16) in base 3?
-1012202
Convert 30123 (base 4) to base 9.
1073
Convert 1327 (base 11) to base 13.
a27
-1010100101 (base 2) to base 3
-221002
Convert 101110010001 (base 2) to base 3.
11001200
Convert -110001010 (base 2) to base 12.
-28a
Convert 2145 (base 6) to base 7.
1310
What is -44403 (base 6) in base 4?
-1200303
60626 (base 7) to base 12
8628
Convert -9781 (base 10) to base 5.
-303111
232410 (base 5) to base 9
12562
Convert -1887 (base 13) to base 6.
-24540
684 (base 10) to base 16
2ac
What is 3498 (base 13) in base 9?
11123
-1315 (base 6) to base 2
-101001111
-1200 (base 4) to base 13
-75
Convert 3ec (base 15) to base 6.
4053
What is 5b56 (base 13) in base 3?
122201100
10035 (base 7) to base 8
4573
Convert -2202 (base 8) to base 10.
-1154
14c7 (base 13) to base 11
2310
26072 (base 9) to base 7
102125
Convert -199 (base 15) to base 7.
-1035
Convert 25b7 (base 13) to base 8.
12415
646 (base 9) to base 2
1000010000
What is 1301 (base 5) in base 3?
21110
What is -203401 (base 5) in base 13?
-30a5
Convert -5236 (base 9) to base 10.
-3840
42380 (base 9) to base 7
144453
1db (base 16) to base 13
2a7
4124 (base 9) to base 12
18b7
Convert 114b (base 13) to base 14.
c57
Convert 1424440 (base 5) to base 11.
20599
Convert -33305 (base 8) to base 11.
-a597
Convert 12a9 (base 13) to base 14.
d90
Convert -8b8 (base 12) to base 15.
-5b2
-23332 (base 6) to base 12
-1b48
What is -8893 (base 10) in base 9?
-13171
4858 (base 14) to base 2
11000101001110
What is -3210 (